{"id":2585,"date":"2025-02-07T05:05:47","date_gmt":"2025-02-07T10:05:47","guid":{"rendered":"https:\/\/medsimulador.com\/enurm\/?page_id=2585"},"modified":"2025-02-07T05:05:48","modified_gmt":"2025-02-07T10:05:48","slug":"todo-sobre-el-enurm-2026","status":"publish","type":"page","link":"https:\/\/medsimulador.com\/enurm\/todo-sobre-el-enurm-2026\/","title":{"rendered":"Todo sobre el ENURM 2026"},"content":{"rendered":"\n<div class=\"wp-block-cover alignfull wp-duotone-unset-1\" style=\"min-height:351px;aspect-ratio:unset;\"><span aria-hidden=\"true\" class=\"wp-block-cover__background has-background-dim-70 has-background-dim wp-block-cover__gradient-background has-background-gradient\" style=\"background:linear-gradient(90deg,rgb(0,0,0) 0%,rgba(150,149,240,0) 100%)\"><\/span><img loading=\"lazy\" decoding=\"async\" width=\"1000\" height=\"538\" class=\"wp-block-cover__image-background wp-image-2586\" alt=\"Todo sobre el ENURM 2026\" src=\"https:\/\/medsimulador.com\/enurm\/wp-content\/uploads\/2025\/02\/todo-sobre-el-enurm-2026.webp\" data-object-fit=\"cover\" srcset=\"https:\/\/medsimulador.com\/enurm\/wp-content\/uploads\/2025\/02\/todo-sobre-el-enurm-2026.webp 1000w, https:\/\/medsimulador.com\/enurm\/wp-content\/uploads\/2025\/02\/todo-sobre-el-enurm-2026-300x161.webp 300w, https:\/\/medsimulador.com\/enurm\/wp-content\/uploads\/2025\/02\/todo-sobre-el-enurm-2026-768x413.webp 768w, https:\/\/medsimulador.com\/enurm\/wp-content\/uploads\/2025\/02\/todo-sobre-el-enurm-2026-600x323.webp 600w\" sizes=\"auto, (max-width: 1000px) 100vw, 1000px\" \/><div class=\"wp-block-cover__inner-container is-layout-flow wp-block-cover-is-layout-flow\">\n<div class=\"wp-block-group alignwide is-layout-constrained wp-container-core-group-is-layout-111b2e00 wp-block-group-is-layout-constrained\"><h1 class=\"has-text-align-center alignwide wp-block-post-title has-text-color has-white-color has-big-font-size\">Todo sobre el ENURM 2026<\/h1><\/div>\n<\/div><\/div>\n\n\n\n<h2 class=\"wp-block-heading\">\u00bfQu\u00e9 es el ENURM 2026?<\/h2>\n\n\n\n<p>El <a href=\"https:\/\/medsimulador.com\/enurm\/que-es-el-enurm\/\" data-type=\"page\" data-id=\"1571\">Examen Nacional \u00danico de Residencias M\u00e9dicas (ENURM) <\/a>2026 es el examen que eval\u00faa los conocimientos te\u00f3ricos y pr\u00e1cticos de los m\u00e9dicos generales que desean acceder a los programas de residencias m\u00e9dicas en la Rep\u00fablica Dominicana. El examen es organizado anualmente por la <a href=\"https:\/\/uasd.edu.do\/\" target=\"_blank\" rel=\"noreferrer noopener\">Universidad Aut\u00f3noma de Santo Domingo<\/a>, este examen es considerado como un filtro para ingresar a las especialidades m\u00e9dicas, garantizando que solo los candidatos con la mejor preparaci\u00f3n y desempe\u00f1o acad\u00e9mico puedan optar por una plaza en las diversas \u00e1reas de la medicina.<\/p>\n\n\n\n<p>Este proceso de evaluaci\u00f3n no solo mide el dominio de la teor\u00eda m\u00e9dica, sino tambi\u00e9n la capacidad de an\u00e1lisis, la toma de decisiones cl\u00ednicas y la rapidez en la interpretaci\u00f3n de casos, aspectos clave para el desempe\u00f1o en una residencia. Adem\u00e1s, el ENURM es reconocido por su rigor que obliga a los aspirantes estudiar de una manera eficiente.<\/p>\n\n\n\n<p>Se ha establecido que el mejor m\u00e9todo para estudiar para el ENURM 2026 es el <a href=\"https:\/\/medsimulador.com\/enurm\/\">Simulador ENURM con explicaciones detalladas de cada pregunta <\/a>de MedSimulador. Con MedSimulador, puedes generar una cantidad ilimitada de simulacros ENURM, cada uno con explicaciones para todas las preguntas. Adem\u00e1s, puedes acceder al sistema de Flashcards ENURM de MedSimulador para repasar los temas m\u00e1s importantes. Para realizar tu prueba gratis, puedes hacer clic en el siguiente bot\u00f3n:<\/p>\n\n\n\n<div class=\"wp-block-buttons is-content-justification-center is-layout-flex wp-container-core-buttons-is-layout-a89b3969 wp-block-buttons-is-layout-flex\">\n<div class=\"wp-block-button\"><a class=\"wp-block-button__link wp-element-button\" href=\"https:\/\/medsimulador.com\/enurm-simulador\/mod\/caces\/view.php?id=6\">Demostraci\u00f3n Gratis<\/a><\/div>\n<\/div>\n\n\n\n<h2 class=\"wp-block-heading\">\u00bfCu\u00e1l es la importancia de un alto puntaje en el ENURM 2026?<\/h2>\n\n\n\n<p>Uno de los factores determinantes para asegurar una plaza en la especialidad deseada es la obtenci\u00f3n de un puntaje sobresaliente en el examen. Dependiendo de la especialidad, la competencia var\u00eda considerablemente; mientras que algunas especialidades como Cirug\u00eda General, Neurocirug\u00eda, Urolog\u00eda y Dermatolog\u00eda requieren resultados excepcionales debido a la alta cantidad de postulantes, otras especialidades como Medicina Familiar o Geriatr\u00eda pueden tener un margen de puntaje menos exigente.<\/p>\n\n\n\n<p>Es importante recalcar que la calificaci\u00f3n obtenida en el ENURM constituye una parte de la nota total en el proceso de selecci\u00f3n, pero su impacto en la asignaci\u00f3n de plazas es significativo. Por ello, una preparaci\u00f3n intensiva y meticulosa es indispensable para garantizar no solo la aprobaci\u00f3n, sino tambi\u00e9n para posicionarse entre los mejores candidatos.<\/p>\n\n\n\n<h2 class=\"wp-block-heading\">\u00bfCu\u00e1l es la Fecha del ENURM 2026?<\/h2>\n\n\n\n<p>El examen ENURM siempre es tomado en el primer domingo de marzo de cada a\u00f1o. Para el ENURM 2026, el examen ser\u00eda programado para el 1 de marzo de 2026, ya que este d\u00eda corresponde al primer domingo del mes, pero la fecha todav\u00eda no es confirmada. Las autoridades encargadas de su administraci\u00f3n implementan protocolos de seguridad y normativas estrictas para asegurar la integridad del proceso evaluativo.<\/p>\n\n\n\n<h2 class=\"wp-block-heading\">\u00bfComo es la Estructura y Formato del ENURM 2026?<\/h2>\n\n\n\n<p>El ENURM 2026 se compone de 100 preguntas de selecci\u00f3n m\u00faltiple. Cada respuesta correcta suma 1 punto, mientras que las respuestas incorrectas o las preguntas dejadas en blanco no generan penalizaci\u00f3n. Esto significa que el m\u00e9dico debe gestionar su tiempo en una manera efectiva para no perder puntos por falta de tiempo.<\/p>\n\n\n\n<p>El tiempo total asignado para el examen es de <strong>2 horas<\/strong>, lo que implica una media de aproximadamente 1 minuto y 12 segundos por pregunta. Por esta raz\u00f3n es importante estar acostumbrado al formato y estilo de preguntas tomadas en el ENURM. La variedad en la complejidad de las preguntas, que van desde preguntas simples sobre anatom\u00eda o fisiolog\u00eda hasta casos cl\u00ednicos que requieren un an\u00e1lisis m\u00e1s profundo, obliga a los aspirantes responder las preguntas de una manera eficiente y estar concentrados durante todo el examen.<\/p>\n\n\n\n<h2 class=\"wp-block-heading\">\u00bfCu\u00e1l es el Temario del ENURM 2026?<\/h2>\n\n\n\n<p>El <a href=\"https:\/\/medsimulador.com\/enurm\/bibliografia-enurm-2025\/\" data-type=\"post\" data-id=\"2099\">temario del ENURM <\/a>abarca una amplia gama de materias, representativas de la totalidad de la formaci\u00f3n m\u00e9dica. Seg\u00fan nuestra an\u00e1lisis de los temarias hemos identificado las siguientes \u00e1reas como las m\u00e1s recurrentes en el examen ENURM:<\/p>\n\n\n\n<h3 class=\"wp-block-heading\">Temas Principales<\/h3>\n\n\n\n<ul class=\"wp-block-list\">\n<li><strong>Medicina Interna:<\/strong> Constituye la parte m\u00e1s importante del examen, especialmente casos cl\u00ednicos sobre patolog\u00edas y tratamientos que se encuentran en el d\u00eda a d\u00eda cl\u00ednico.<\/li>\n\n\n\n<li><strong>Ginecolog\u00eda y Obstetricia:<\/strong> Con preguntas que eval\u00faan tanto aspectos te\u00f3ricos como pr\u00e1cticos de la salud femenina.<\/li>\n\n\n\n<li><strong>Pediatr\u00eda:<\/strong> Tem\u00e1tica fundamental, especialmente sobre las enfermedades m\u00e1s com\u00fanes de la pediatr\u00eda.<\/li>\n\n\n\n<li><strong>Enfermedades Infecciosas:<\/strong> Preguntas sobre las enfermedades infecciosas m\u00e1s importantes en la Rep\u00fablica Dominicana y su tratamiento.<\/li>\n\n\n\n<li><strong>Cardiolog\u00eda:<\/strong> Preguntas centradas en diagn\u00f3sticos y manejo de enfermedades del sistema cardiovascular.<\/li>\n\n\n\n<li><strong>Fisiolog\u00eda y Farmacolog\u00eda:<\/strong> Aspectos b\u00e1sicos y esenciales que permiten la comprensi\u00f3n de los procesos patol\u00f3gicos y terap\u00e9uticos.<\/li>\n\n\n\n<li><strong>Cirug\u00eda:<\/strong> Aunque menos frecuentes que las preguntas de Medicina Interna, son una parte integral del examen.<\/li>\n<\/ul>\n\n\n\n<p>Solo son tomadas pocas preguntas sobre temas como urolog\u00eda, gen\u00e9tica, dermatolog\u00eda y otorrinolaringolog\u00eda, pero es importante estudiar las enfermedades m\u00e1s com\u00fanes de estas especialidades, ya que pueden aparecer en el examen. Es importante que los m\u00e9dicos se concentran en estudiar los temas de mayor frecuencia para estudiar de una manera eficiente, en vez de perder tiempo memorizando temas poco com\u00fanes. <\/p>\n\n\n\n<h2 class=\"wp-block-heading\">\u00bfComo estudiar para el ENURM 2026?<\/h2>\n\n\n\n<p>Una de las herramientas m\u00e1s recomendadas es el Simulador ENURM de <a href=\"https:\/\/medsimulador.com\/\">MedSimulador.com<\/a>, que cuenta con m\u00e1s de 2400 preguntas ENURM con explicaciones de cada pregunta. Este recurso permite al aspirante:<\/p>\n\n\n\n<ul class=\"wp-block-list\">\n<li>Generar simulacros ENURM con explicaciones de cada pregunta<\/li>\n\n\n\n<li>Generar simulacros con las preguntas que respondiste mal<\/li>\n\n\n\n<li>Realizar simulacros con temporizador que simulan las condiciones reales del examen.<\/li>\n\n\n\n<li>Revisar las analiticas para identificar las \u00e1reas de mayor dificultad mediante an\u00e1lisis estad\u00edsticos de tus respuestas.<\/li>\n\n\n\n<li>Personalizar sesiones de estudio focalizadas en los temas que requieren mayor refuerzo.<\/li>\n<\/ul>\n\n\n\n<h3 class=\"wp-block-heading\">\u00bfCu\u00e1les son los m\u00e9todos de Estudio Activo?<\/h3>\n\n\n\n<ul class=\"wp-block-list\">\n<li><strong>T\u00e9cnicas de Autoevaluaci\u00f3n:<\/strong> Realizar autoex\u00e1menes peri\u00f3dicos para medir tu progreso y ajustar tu plan de estudio.<\/li>\n\n\n\n<li><strong>Grupos de Estudio:<\/strong> Compartir conocimientos y debatir casos cl\u00ednicos con colegas puede enriquecer tu aprendizaje.<\/li>\n\n\n\n<li><strong>Sesiones Diarias y Semanales:<\/strong> Estudia a largo plazo para mejorar tus conocimientos.<\/li>\n\n\n\n<li><strong>Flashcards ENURM: <\/strong>Utiliza el sistema <a href=\"https:\/\/medsimulador.com\/enurm\/flashcards-enurm\/\" data-type=\"page\" data-id=\"2139\">Flashcards ENURM de MedSimulador <\/a>para el aprendizaje activo.<\/li>\n\n\n\n<li><strong>Revisiones Peri\u00f3dicas:<\/strong> Dedica tiempo a repasar los contenidos previamente estudiados para consolidar la informaci\u00f3n.<\/li>\n<\/ul>\n\n\n\n<h2 class=\"wp-block-heading\">\u00bfComo puedo disminuir la Ansiedad en el D\u00eda del ENURM 2026?<\/h2>\n\n\n\n<p>Una gran cantidad de m\u00e9dicos indican que tienen ansiedad durante el d\u00eda del examen ENURM y es una de las principales razones porque responden preguntas incorrectamente aunque son sobre temas que han estudiado. La ansiedad es uno de los factores que pueden afectar negativamente el rendimiento en el ENURM. Para mantener la calma y concentrarte en el examen es importante que siguies los siguientes pasos:<\/p>\n\n\n\n<ul class=\"wp-block-list\">\n<li><strong>Simulacros en Condiciones Reales:<\/strong> Realizar simulacros con el simulador ENURM de MedSimulador con temporizador te ayudar\u00e1 a acostumbrarte a la presi\u00f3n del examen y a mejorar tu gesti\u00f3n del tiempo.<\/li>\n\n\n\n<li><strong>Preparaci\u00f3n Integral:<\/strong> Una preparaci\u00f3n s\u00f3lida es la base para reducir el nerviosismo. Saber que has revisado a fondo cada tema te brindar\u00e1 la confianza necesaria.<\/li>\n\n\n\n<li><strong>T\u00e9cnicas de Relajaci\u00f3n:<\/strong> La respiraci\u00f3n profunda, la meditaci\u00f3n y peque\u00f1os ejercicios de relajaci\u00f3n pueden ayudar a controlar el estr\u00e9s antes y durante el examen.<\/li>\n\n\n\n<li><strong>Descanso y Alimentaci\u00f3n Adecuada:<\/strong> No subestimes la importancia de dormir bien la noche anterior y de mantener una dieta balanceada. El bienestar f\u00edsico influye directamente en tu rendimiento cognitivo.<\/li>\n<\/ul>\n\n\n\n<h2 class=\"wp-block-heading\">\u00bfCu\u00e1les son las Perspectivas y Oportunidades al aprobar el ENURM 2026?<\/h2>\n\n\n\n<p>Aprobar el ENURM 2026 es solo el primer paso hacia una carrera m\u00e9dica especializada en la Rep\u00fablica Dominicana. El resultado del examen abre la puerta a m\u00faltiples oportunidades en especialidades de alta demanda, y te permite elegir, en la medida de tu puntaje, la residencia que mejor se adapte a tus intereses y habilidades.<\/p>\n\n\n\n<p>Aunque solo aproximadamente el 25% de los aspirantes logran una plaza en sus especialidades preferidas, existen oportunidades en \u00e1reas menos concurridas que pueden ser igualmente gratificantes y ofrecer un crecimiento profesional s\u00f3lido. La clave est\u00e1 en prepararse de manera integral, conocer a fondo el temario y utilizar todas las herramientas a tu disposici\u00f3n para maximizar tus posibilidades de \u00e9xito.<\/p>\n","protected":false},"excerpt":{"rendered":"<p>\u00bfQu\u00e9 es el ENURM 2026? El Examen Nacional \u00danico de Residencias M\u00e9dicas (ENURM) 2026 es [&hellip;]<\/p>\n","protected":false},"author":1,"featured_media":0,"parent":0,"menu_order":0,"comment_status":"closed","ping_status":"closed","template":"","meta":{"productId":0,"courseId":0,"footnotes":""},"class_list":["post-2585","page","type-page","status-publish","hentry"],"_links":{"self":[{"href":"https:\/\/medsimulador.com\/enurm\/wp-json\/wp\/v2\/pages\/2585","targetHints":{"allow":["GET"]}}],"collection":[{"href":"https:\/\/medsimulador.com\/enurm\/wp-json\/wp\/v2\/pages"}],"about":[{"href":"https:\/\/medsimulador.com\/enurm\/wp-json\/wp\/v2\/types\/page"}],"author":[{"embeddable":true,"href":"https:\/\/medsimulador.com\/enurm\/wp-json\/wp\/v2\/users\/1"}],"replies":[{"embeddable":true,"href":"https:\/\/medsimulador.com\/enurm\/wp-json\/wp\/v2\/comments?post=2585"}],"version-history":[{"count":1,"href":"https:\/\/medsimulador.com\/enurm\/wp-json\/wp\/v2\/pages\/2585\/revisions"}],"predecessor-version":[{"id":2588,"href":"https:\/\/medsimulador.com\/enurm\/wp-json\/wp\/v2\/pages\/2585\/revisions\/2588"}],"wp:attachment":[{"href":"https:\/\/medsimulador.com\/enurm\/wp-json\/wp\/v2\/media?parent=2585"}],"curies":[{"name":"wp","href":"https:\/\/api.w.org\/{rel}","templated":true}]}}