{"id":345,"date":"2024-07-18T18:50:11","date_gmt":"2024-07-18T18:50:11","guid":{"rendered":"https:\/\/ecuadorpreguntas.com\/?page_id=345"},"modified":"2025-11-26T06:03:39","modified_gmt":"2025-11-26T11:03:39","slug":"terminos-de-servicio","status":"publish","type":"page","link":"https:\/\/medsimulador.com\/enurm\/terminos-de-servicio\/","title":{"rendered":"T\u00e9rminos de Servicio"},"content":{"rendered":"\n<div class=\"wp-block-cover alignfull wp-duotone-unset-1\" style=\"min-height:351px;aspect-ratio:unset;\"><img loading=\"lazy\" decoding=\"async\" width=\"1000\" height=\"663\" class=\"wp-block-cover__image-background wp-image-1649\" alt=\"\" src=\"https:\/\/medsimulador.com\/enurm\/wp-content\/uploads\/2024\/11\/sobre-nosotros-medsimulador.webp\" data-object-fit=\"cover\" srcset=\"https:\/\/medsimulador.com\/enurm\/wp-content\/uploads\/2024\/11\/sobre-nosotros-medsimulador.webp 1000w, https:\/\/medsimulador.com\/enurm\/wp-content\/uploads\/2024\/11\/sobre-nosotros-medsimulador-300x199.webp 300w, https:\/\/medsimulador.com\/enurm\/wp-content\/uploads\/2024\/11\/sobre-nosotros-medsimulador-768x509.webp 768w, https:\/\/medsimulador.com\/enurm\/wp-content\/uploads\/2024\/11\/sobre-nosotros-medsimulador-600x398.webp 600w\" sizes=\"auto, (max-width: 1000px) 100vw, 1000px\" \/><span aria-hidden=\"true\" class=\"wp-block-cover__background has-background-dim-70 has-background-dim wp-block-cover__gradient-background has-background-gradient\" style=\"background:linear-gradient(90deg,rgb(0,0,0) 0%,rgba(150,149,240,0) 100%)\"><\/span><div class=\"wp-block-cover__inner-container is-layout-flow wp-block-cover-is-layout-flow\">\n<div class=\"wp-block-group alignwide is-layout-constrained wp-container-core-group-is-layout-111b2e00 wp-block-group-is-layout-constrained\"><h1 class=\"has-text-align-center alignwide wp-block-post-title has-text-color has-white-color has-big-font-size\">T\u00e9rminos de Servicio<\/h1><\/div>\n<\/div><\/div>\n\n\n\n<h2 class=\"wp-block-heading\">Reglas de uso para la plataforma educativa.<\/h2>\n\n\n\n<p>La cuenta para acceder a la plataforma educativa es individual. Esto significa, que es expl\u00edcitamente prohibido compartir la cuenta con otras personas. En el caso de que un usuario permite de cualquier manera el acceso de otras personas a la plataforma educativa a trav\u00e9s de su cuenta individual, MedSimulador tiene el derecho de limitar el acceso a la plataforma educativa o eliminar la cuenta.<\/p>\n\n\n\n<p>MedSimulador reserva el derecho de limitar el acceso a la plataforma educativa o eliminar la cuenta si sospecha que el usuario est\u00e1 usando la plataforma de manera ilicita o de manera no indicada por MedSimulador.<\/p>\n\n\n\n<h2 class=\"wp-block-heading\">Derechos de autor de MedSimulador<\/h2>\n\n\n\n<p>Este sitio web es propiedad y es operado por Educational Digital Services LLC, organizada bajo las leyes del Estado de Nuevo M\u00e9xico, Estados Unidos.<\/p>\n\n\n\n<p>Copiar, imprimir, repartir, compartir o reproducir de cualquier manera el contenido de la plataforma educativa es estrictamente prohibido. MedSimulador tiene el derecho de limitar el acceso a la plataforma educativa o eliminar la cuenta si el usuario copia, imprime, reparte, comparte o reproduce de cualquier manera el contenido de la plataforma educativa.<\/p>\n\n\n\n<h2 class=\"wp-block-heading\">Propiedad de la Tecnolog\u00eda<\/h2>\n\n\n\n<p>MedSimulador.com se reserva todos los derechos (incluidos todos los derechos de autor y todos los derechos de propiedad intelectual) de toda la informaci\u00f3n y tecnolog\u00eda utilizada por MedSimulador.com o proporcionada al usuario en relaci\u00f3n con los Servicios, incluyendo cualquier software junto con mejoras, expansiones o modificaciones (\u201cTecnolog\u00eda\u201d). La Tecnolog\u00eda est\u00e1 protegida por derechos de autor y derechos de propiedad intelectual que pertenecen a MedSimulador.com o que han sido licenciados por MedSimulador.com, o que otorgan a MedSimulador.com el derecho de usar la Tecnolog\u00eda. MedSimulador.com se reserva todos los derechos (incluidos todos los derechos de autor y derechos de propiedad intelectual) sobre la Tecnolog\u00eda y cualquier derecho de propiedad intelectual relacionado, as\u00ed como sobre cualquier c\u00f3digo fuente (incluyendo todas las actualizaciones, modificaciones, mejoras, expansiones, adaptaciones a ellos y cualquier otro trabajo derivado creado por MedSimulador.com), adem\u00e1s de todos los derechos de autor mundiales, derechos sobre secretos comerciales, derechos de patentes, derechos de marcas comerciales y otros derechos de propiedad intelectual y derechos de propiedad (incluyendo solicitudes y registros).<\/p>\n\n\n\n<h2 class=\"wp-block-heading\">Uso del contenido educativo de la plataforma educativa MedSimulador<\/h2>\n\n\n\n<p>El contenido de la plataforma educativa MedSimulador debe ser utilizado exclusivamente para la preparaci\u00f3n para el examen ENURM en la Rep\u00fablica Dominicana. De ninguna manera se debe interpretar la informaci\u00f3n contenida en la plataforma educativa MedSimulador como informaci\u00f3n m\u00e9dica, consejos m\u00e9dicos o gu\u00edas del manejo o tratamiento m\u00e9dico. Se proh\u00edbe estrictamente utilizar o basarse en la informaci\u00f3n contenida en la plataforma educativa MedSimulador para el diagnostico o tratamiento de pacientes reales.<\/p>\n\n\n\n<p>La fuente de las preguntas presentes en el Simulador son preguntas del Examen Nacional \u00danico para Residencias M\u00e9dicas (ENURM) del dominio p\u00fablico o creadas por MedSimulador.com.<\/p>\n\n\n\n<p>Al adquirir un acceso en MedSimulador.com, el usuario obtiene una licencia limitada e intransferible para utilizar las explicaciones, tablas e im\u00e1genes de propiedad intelectual de MedSimulador.com exclusivamente para su uso personal en la preparaci\u00f3n para el Examen ENURM. Al realizar la compra el usuario no adquiere ning\u00fan derecho sobre las preguntas del Examen Nacional \u00danico para Residencias M\u00e9dicas (ENURM). El acceso a dichas preguntas se proporciona \u00fanicamente con fines educativos y no comerciales.<\/p>\n\n\n\n<p>Todas las explicaciones, tablas e im\u00e1genes utilizadas en el Simulador son creadas por MedSimulador.com y son propiedad intelectual exclusiva de MedSimulador.com. Queda estrictamente prohibida su reproducci\u00f3n, distribuci\u00f3n, modificaci\u00f3n, comunicaci\u00f3n p\u00fablica o cualquier otro acto que infrinja los derechos de autor sin la previa autorizaci\u00f3n por escrito de MedSimulador.com.<\/p>\n\n\n\n<h2 class=\"wp-block-heading\">Informaci\u00f3n de identificaci\u00f3n personal<\/h2>\n\n\n\n<p>Podemos recopilar informaci\u00f3n de identificaci\u00f3n personal de los Usuarios de diversas maneras, incluyendo, pero no limit\u00e1ndose a, cuando los Usuarios visitan nuestro sitio, se registran en el sitio, realizan un pedido, llenan un formulario, responden a una encuesta, se suscriben al bolet\u00edn informativo y en relaci\u00f3n con otras actividades, servicios, funciones o recursos que ponemos a disposici\u00f3n en nuestro Sitio. Para realizar el pago del servicio se puede pedir al usuario, seg\u00fan corresponda, nombre, direcci\u00f3n de correo electr\u00f3nico, n\u00famero de tel\u00e9fono, informaci\u00f3n de tarjeta de cr\u00e9dito. No almacenemos informaci\u00f3n de tarjeta de cr\u00e9dito.<\/p>\n\n\n\n<p>Recopilaremos informaci\u00f3n de identificaci\u00f3n personal de los Usuarios solo si ellos voluntariamente nos env\u00edan dicha informaci\u00f3n. Los Usuarios siempre pueden negarse a proporcionar informaci\u00f3n de identificaci\u00f3n personal, excepto que esto puede impedirles participar en ciertas actividades relacionadas con el Sitio.<\/p>\n\n\n\n<h2 class=\"wp-block-heading\">Informaci\u00f3n de identificaci\u00f3n no personal<\/h2>\n\n\n\n<p>Podemos recopilar informaci\u00f3n de identificaci\u00f3n no personal sobre los Usuarios cada vez que interact\u00faan con nuestro Sitio. La informaci\u00f3n de identificaci\u00f3n no personal puede incluir el nombre del navegador, el tipo de computadora e informaci\u00f3n t\u00e9cnica sobre los medios de conexi\u00f3n de los Usuarios a nuestro Sitio, como el sistema operativo y los proveedores de servicios de Internet utilizados y otra informaci\u00f3n similar.<\/p>\n\n\n\n<h2 class=\"wp-block-heading\">Cookies del navegador web<\/h2>\n\n\n\n<p>Nuestro Sitio puede utilizar \u00abcookies\u00bb para mejorar la experiencia del Usuario. El navegador web del Usuario coloca cookies en su disco duro para fines de registro y, a veces, para rastrear informaci\u00f3n sobre ellos. El Usuario puede optar por configurar su navegador web para rechazar cookies, o para alertar cuando se est\u00e1n enviando cookies. Si lo hacen, tenga en cuenta que algunas partes del Sitio pueden no funcionar correctamente.<\/p>\n\n\n\n<h2 class=\"wp-block-heading\">C\u00f3mo utilizamos la informaci\u00f3n recopilada<\/h2>\n\n\n\n<p>MedSimulador recopila y utiliza la informaci\u00f3n personal de los Usuarios para los siguientes prop\u00f3sitos:<\/p>\n\n\n\n<h3 class=\"wp-block-heading\">Para mejorar el servicio al cliente<\/h3>\n\n\n\n<p>Su informaci\u00f3n nos ayuda a responder de manera m\u00e1s efectiva a sus solicitudes de servicio al cliente y a sus necesidades de soporte.<\/p>\n\n\n\n<h3 class=\"wp-block-heading\">Para personalizar la experiencia del usuario<\/h3>\n\n\n\n<p>Podemos utilizar la informaci\u00f3n de manera agregada para comprender c\u00f3mo nuestros Usuarios como grupo utilizan los servicios y recursos proporcionados en nuestro Sitio.<\/p>\n\n\n\n<h3 class=\"wp-block-heading\">Para mejorar nuestro servicio<\/h3>\n\n\n\n<p>Nos esforzamos continuamente por mejorar nuestras ofertas de sitio web bas\u00e1ndonos en la informaci\u00f3n y comentarios que recibimos de usted.<\/p>\n\n\n\n<h3 class=\"wp-block-heading\">Para procesar transacciones<\/h3>\n\n\n\n<p>Podemos utilizar la informaci\u00f3n que los Usuarios proporcionan sobre s\u00ed mismos al realizar un pedido solo para proporcionar servicio a ese pedido. No compartimos esta informaci\u00f3n con terceros, excepto en la medida necesaria para proporcionar el servicio.<\/p>\n\n\n\n<h3 class=\"wp-block-heading\">Para administrar un contenido, promoci\u00f3n, encuesta u otra funci\u00f3n del Sitio<\/h3>\n\n\n\n<p>Para enviar a los Usuarios informaci\u00f3n que acordaron recibir sobre temas que creemos ser\u00e1n de inter\u00e9s para ellos.<\/p>\n\n\n\n<h3 class=\"wp-block-heading\">Para enviar correos electr\u00f3nicos peri\u00f3dicos<\/h3>\n\n\n\n<p>La direcci\u00f3n de correo electr\u00f3nico que los Usuarios proporcionan para el procesamiento de pedidos se utilizar\u00e1 para enviarles informaci\u00f3n y actualizaciones relacionadas con su pedido. Tambi\u00e9n puede ser utilizada para responder a sus consultas, enviar informaci\u00f3n importante sobre el servicio y\/u otras solicitudes o preguntas. Si el Usuario decide optar por nuestra lista de correo, recibir\u00e1 correos electr\u00f3nicos que pueden incluir noticias de la compa\u00f1\u00eda, actualizaciones, informaci\u00f3n relacionada con productos o servicios, etc. Si en alg\u00fan momento el Usuario desea darse de baja para no recibir futuros correos electr\u00f3nicos el Usuario puede contactarnos a trav\u00e9s de nuestro Sitio.<\/p>\n\n\n\n<h2 class=\"wp-block-heading\">Solicitud de borrar informaci\u00f3n recopilada<\/h2>\n\n\n\n<p>Si desea borrar la informaci\u00f3n recopilada sobre su cuenta, debe enviar un correo por la funci\u00f3n de \u201ccontacto\u201d indicando sus nombres, apellidos, usuario y que informaci\u00f3n desee que sea borrada. De esta manera tambi\u00e9n puede ser borrada la informaci\u00f3n utilizada por los botones de iniciar sesi\u00f3n de las redes sociales.<\/p>\n\n\n\n<h2 class=\"wp-block-heading\">C\u00f3mo protegemos tu informaci\u00f3n<\/h2>\n\n\n\n<p>Adoptamos pr\u00e1cticas adecuadas de recopilaci\u00f3n, almacenamiento y procesamiento de datos y medidas de seguridad para proteger contra el acceso no autorizado, alteraci\u00f3n, divulgaci\u00f3n o destrucci\u00f3n de su informaci\u00f3n personal, nombre de usuario, contrase\u00f1a, informaci\u00f3n de transacciones y datos almacenados en nuestro Sitio.<\/p>\n\n\n\n<p>El intercambio de datos sensibles y privados entre el Sitio y sus Usuarios ocurre a trav\u00e9s de un canal de comunicaci\u00f3n seguro SSL y est\u00e1 encriptado y protegido con firmas digitales. Nuestro Sitio tambi\u00e9n cumple con los est\u00e1ndares de vulnerabilidad PCI para crear un entorno lo m\u00e1s seguro posible para los Usuarios.<\/p>\n\n\n\n<h2 class=\"wp-block-heading\">Sitios web de terceros<\/h2>\n\n\n\n<p>Los Usuarios pueden encontrar publicidad u otro contenido en nuestro Sitio que enlace a los sitios y servicios de nuestros socios, proveedores, anunciantes, patrocinadores, licenciantes y otros terceros. No controlamos el contenido o los enlaces que aparecen en estos sitios y no somos responsables de las pr\u00e1cticas empleadas por los sitios web vinculados a o desde nuestro Sitio. Adem\u00e1s, estos sitios o servicios, incluidos su contenido y enlaces, pueden estar cambiando constantemente. Estos sitios y servicios pueden tener sus propias pol\u00edticas de privacidad y pol\u00edticas de servicio al cliente. La navegaci\u00f3n e interacci\u00f3n en cualquier otro sitio web, incluidos los sitios web que tienen un enlace a nuestro Sitio, est\u00e1 sujeta a los propios t\u00e9rminos y pol\u00edticas de ese sitio web.<\/p>\n\n\n\n<h2 class=\"wp-block-heading\">Condiciones de Pago<\/h2>\n\n\n\n<p>Todas las transacciones se procesan a trav\u00e9s de Stripe. Al realizar una compra, el usuario se compromete a asumir cualquier cargo adicional o impuesto aplicable conforme a la legislaci\u00f3n de la Rep\u00fablica Dominicana o cualquier otro pa\u00eds desde donde acceda al servicio o realice la compra. En caso de que existan impuestos, cargos bancarios o cualquier otro tipo de impuesto o costo adicional, el usuario ser\u00e1 el \u00fanico responsable de cubrir dichos importes.<\/p>\n\n\n\n<h2 class=\"wp-block-heading\">Renuncia al Derecho de Desistimiento<\/h2>\n\n\n\n<p>Por la presente, usted reconoce que, al hacer clic en \u2018COMPRAR\u2019 (o en un bot\u00f3n con una descripci\u00f3n similar) para realizar una compra en MedSimulador.com, se le proporciona acceso inmediato al contenido digital y a su funcionamiento, sin tener que esperar el per\u00edodo de desistimiento, dado que se trata de contenido digital no prestado en un soporte material una vez iniciada su ejecuci\u00f3n. Asimismo, usted consiente expresamente y reconoce que renuncia a su derecho de desistimiento de dicha compra.<\/p>\n\n\n\n<h2 class=\"wp-block-heading\">Cambios en pol\u00edtica de privacidad<\/h2>\n\n\n\n<p>MedSimulador tiene la discreci\u00f3n de actualizar esta pol\u00edtica de privacidad en cualquier momento. Cuando lo hagamos, revisaremos la fecha actualizada al final de esta p\u00e1gina. Alentamos a los Usuarios a que consulten con frecuencia esta p\u00e1gina para ver cualquier cambio y mantenerse informados sobre c\u00f3mo estamos ayudando a proteger la informaci\u00f3n personal que recopilamos. Usted reconoce y acepta que es su responsabilidad revisar esta pol\u00edtica de privacidad peri\u00f3dicamente y conocer las modificaciones.<\/p>\n\n\n\n<h2 class=\"wp-block-heading\">Su aceptaci\u00f3n de estos t\u00e9rminos<\/h2>\n\n\n\n<p>Al utilizar este Sitio, usted manifiesta su aceptaci\u00f3n de esta pol\u00edtica y t\u00e9rminos de servicio. Si no est\u00e1 de acuerdo con esta pol\u00edtica, por favor no utilice nuestro Sitio. Su uso continuado del Sitio despu\u00e9s de la publicaci\u00f3n de cambios en esta pol\u00edtica ser\u00e1 considerado como su aceptaci\u00f3n de esos cambios.<\/p>\n\n\n\n<h2 class=\"wp-block-heading\">Contacto<\/h2>\n\n\n\n<p>Si tiene alguna pregunta sobre esta Pol\u00edtica de Privacidad, las pr\u00e1cticas de este sitio o sus tratos con este sitio, por favor cont\u00e1ctenos a trav\u00e9s de la p\u00e1gina de contacto.<\/p>\n\n\n\n<p><\/p>\n","protected":false},"excerpt":{"rendered":"<p>Reglas de uso para la plataforma educativa. La cuenta para acceder a la plataforma educativa [&hellip;]<\/p>\n","protected":false},"author":1,"featured_media":0,"parent":0,"menu_order":0,"comment_status":"closed","ping_status":"closed","template":"","meta":{"productId":0,"courseId":0,"footnotes":""},"class_list":["post-345","page","type-page","status-publish","hentry"],"_links":{"self":[{"href":"https:\/\/medsimulador.com\/enurm\/wp-json\/wp\/v2\/pages\/345","targetHints":{"allow":["GET"]}}],"collection":[{"href":"https:\/\/medsimulador.com\/enurm\/wp-json\/wp\/v2\/pages"}],"about":[{"href":"https:\/\/medsimulador.com\/enurm\/wp-json\/wp\/v2\/types\/page"}],"author":[{"embeddable":true,"href":"https:\/\/medsimulador.com\/enurm\/wp-json\/wp\/v2\/users\/1"}],"replies":[{"embeddable":true,"href":"https:\/\/medsimulador.com\/enurm\/wp-json\/wp\/v2\/comments?post=345"}],"version-history":[{"count":24,"href":"https:\/\/medsimulador.com\/enurm\/wp-json\/wp\/v2\/pages\/345\/revisions"}],"predecessor-version":[{"id":3358,"href":"https:\/\/medsimulador.com\/enurm\/wp-json\/wp\/v2\/pages\/345\/revisions\/3358"}],"wp:attachment":[{"href":"https:\/\/medsimulador.com\/enurm\/wp-json\/wp\/v2\/media?parent=345"}],"curies":[{"name":"wp","href":"https:\/\/api.w.org\/{rel}","templated":true}]}}